or of 713 and y?
31
Let v(k) be the third derivative of -k**4/6 + 7*k**3/3 - 2*k**2. Suppose 0 + 0 = 41*a. Let z be v(a). Calculate the highest common factor of z and 28.
14
Let o = 2054 - 2028. What is the highest common factor of 21 and o?
1
Let a = 6761 - 6670. What is the greatest common divisor of a and 2653?
7
Suppose 6*q - 423 - 1095 = 0. Suppose 27 + 88 = 5*b. Calculate the highest common factor of b and q.
23
Suppose 0 = -4*f + 19 - 3. Suppose -f*s - 8*s = -1056. Calculate the highest common divisor of s and 33.
11
Let r be ((-416)/(-24) + 3)*-3. Let h = r - -401. Calculate the highest common factor of 80 and h.
20
Let t(f) = f**2 - f + 67. Let d be t(0). Let n be d + (-3 + 7 + -3 - 2). What is the highest common factor of 330 and n?
66
Let y be (25/10 - 3)*(-2808)/13. Suppose 2*s + 3*s = 20. What is the greatest common divisor of s and y?
4
Let p = 1718 + -1558. What is the highest common divisor of p and 104?
8
Suppose o = 3*o + 4. Let s = 4 + o. Let a be 59 + (-78 - -35) - (-4 - -2). What is the greatest common divisor of s and a?
2
Suppose -238 = -3*o + j, -63*j + 67*j + 16 = 0. Let h = -4 - -3. Let d be h/(0 - 2/52). What is the greatest common factor of d and o?
26
Let f(k) = -19*k - 51. Let j be f(4). Let q = j + 184. What is the greatest common divisor of 38 and q?
19
Suppose 70 = 5*y - 5*x, 5*y + x - 67 = 3. Suppose 19*d = 17*d + y. Calculate the greatest common divisor of 224 and d.
7
Let v = 18304 - 18174. Suppose -4 = -x - 3*c, 5*x - c - 3*c = 58. What is the highest common divisor of v and x?
10
Suppose 27*g - 16004 = -227*g + 6094. What is the greatest common factor of g and 7627?
29
Suppose -65960 = 76*n - 246*n. What is the greatest common factor of 2813 and n?
97
Suppose 2167*t - 3117 = 2164*t - 5*u, -7*t - u + 7177 = 0. Suppose -k - 2 = -0*k, -3*z + 2*k = -28. What is the highest common divisor of t and z?
8
Suppose -2*g - 2*a + 1944 = 0, g - 5*a + a = 982. Let m = g + -622. Let r = m + -205. What is the highest common factor of 21 and r?
21
Suppose -8*t + 32 = -4*t. Let a(h) = -37*h + 20*h - 7 + 14*h. Let u be a(-5). What is the greatest common divisor of t and u?
8
Suppose 2*y + 26 = i - 14, -2 = i. Let m be 36/(-60) - 147/5. Let k = y - m. Calculate the highest common divisor of 63 and k.
9
Let v(h) = -24*h + 163. Let f be v(11). Let o = 519 + f. Calculate the highest common divisor of 22 and o.
22
Suppose 5*f + 0 + 80 = 0. Let g be (1*2)/(f/(-232)). Let y(b) = 2*b**2 + 18*b + 203. Let u be y(-9). Calculate the greatest common divisor of u and g.
29
Let c be (-4*3/6)/(-1) + 132. Calculate the highest common factor of c and 8911.
67
Suppose 0 = 9*i - 2018 - 7162. Suppose 26*u - 9*u = i. What is the greatest common divisor of u and 140?
20
Let a(k) = 11*k - 2. Let p be a(4). Suppose 11*w - 2*l + 24 = 14*w, 2*w - 24 = -4*l. What is the highest common factor of w and p?
6
Let k be (2 - -2) + (-406318)/(-115) + 4/(-20). What is the highest common factor of 524 and k?
131
Let b be (((-92)/(-2))/2)/1. Let x be (-2 + -1 - -1) + 118. Suppose 1036 = 5*a + x. What is the greatest common divisor of b and a?
23
Suppose -2*n + 293 = s - 309, 20 = 5*s. Calculate the greatest common factor of 92 and n.
23
Suppose 5*u - 14442 = -o - 3*o, 10 = 5*u. Suppose 8*h = -3*h + o. What is the highest common divisor of h and 16?
8
Suppose -116 = -4*l + 892. Calculate the greatest common factor of l and 966.
42
Let l(o) = 6*o**3 - 23*o**2 + 57*o - 170. Let x be l(20). Calculate the highest common factor of 41 and x.
41
Suppose -2*l + 0*l = -42. Let f be -5 + -20*(-1)/2. Suppose -2*i + 81 = -v, 2*v = -i + f*v + 33. What is the highest common divisor of i and l?
21
Suppose -85*q = -63*q + 106*q - 16896. What is the highest common factor of 852 and q?
12
Let p(a) = 15*a + 22 + 49 - 209. Let o be p(10). Calculate the highest common factor of o and 78.
6
Suppose -14*p + 9*p + 10*p = 0. Suppose 3*u = t - p*u - 25, u + 45 = 4*t. What is the highest common factor of t and 410?
10
Suppose -101 = -16*h + 27. Let v be (-2528)/(-40) - (1 - h/10). Calculate the highest common divisor of v and 36.
9
Let a be 2 + -3 + 2 - (-2 - 13). Let v = -34 + 40. Suppose -v*z + z = -560. What is the highest common factor of z and a?
16
Suppose 101*i + 3771 = 106*i - 3*w, 2*i = 3*w + 1521. What is the highest common factor of 3150 and i?
150
Let f(r) = -3*r**2 + 21*r + 1. Let c be f(7). Let v(g) = 4*g**2 + 4*g - 3. Let t be v(c). Calculate the greatest common divisor of 7 and t.
1
Let z be (-28 + 24)/(1/1). Let s be z - -5 - 3 - -70. What is the highest common divisor of 68 and s?
68
Let m be 137378/8 - 3/(-120)*-10. Suppose 199*p = 217*p - m. Calculate the greatest common factor of 106 and p.
106
Suppose 0 = 5*o - 77 - 88. Let g be (14 + -10)/(-2*(-2)/88). Calculate the greatest common divisor of o and g.
11
Let u(d) = -d**2 + 24*d - 28. Let t be u(9). Suppose 105 = t*w - 102*w. What is the highest common factor of w and 3?
3
Let h be -35 + 37 + 2*(5473 + -2). Suppose h = 35*t + 3*t. What is the highest common divisor of t and 18?
18
Let x be 261/(-36) - -7 - (-2)/8*12689. What is the greatest common factor of 624 and x?
52
Let s be ((-57)/18 + 1)*-60. Calculate the highest common factor of s and 1755.
65
Suppose m + 1 = -5*l, 4 = -l - 1. Let x(s) = -s**2 + 28*s + 44. Let d be x(23). Let q = d + 105. What is the greatest common divisor of q and m?
24
Let r = 106 - 6. Let h(u) = -7*u + 146. Let w be h(18). Calculate the greatest common factor of r and w.
20
Let h = 7 - 10. Let l = 12 - h. Let o(u) = u**3 + 3*u**2 - 4*u - 6. Let v be o(-2). What is the greatest common factor of l and v?
3
Let l = 685 + 856. Suppose -45*z = -l - 2104. What is the highest common factor of z and 6?
3
Suppose 48*o + 980 = 17*o + 1352. What is the highest common factor of 388 and o?
4
Suppose -102*l + 240 = -107*l. Let c be ((-84)/l - 3/4) + 16. Let a = 21 - c. What is the greatest common factor of 8 and a?
4
Suppose -20*o + 342 + 3538 = 0. Let z = o + -170. Calculate the greatest common factor of z and 408.
24
Let h(i) be the third derivative of -11*i**4/24 - 9*i**3/2 + 14*i**2. Let k be h(-5). Calculate the greatest common factor of k and 7.
7
Suppose 8*p - 7*p + 5 = 2*w, -5*w - 2*p = -17. Let q(i) = -i + 54. Let m be q(w). Calculate the greatest common divisor of m and 119.
17
Suppose 3635*i - 12393 = 3618*i. Calculate the greatest common divisor of 2025 and i.
81
Suppose 192 = 6*y - 2*y. Let c = -46030 + 46174. Calculate the greatest common divisor of y and c.
48
Let p = 922 + -916. Let o be 34*((-63)/(-9) - p). What is the highest common factor of 731 and o?
17
Suppose 3*t + 4*z + 49 + 81 = 0, 4*t + 132 = 5*z. Let k = t + 49. Let b be -2*k*(-14)/28. Calculate the greatest common factor of 121 and b.
11
Let q = 189 - 99. Let c = -241 - -361. What is the highest common divisor of q and c?
30
Suppose -180*x = 2*b - 183*x - 1268, -2*b - 5*x = -1284. Calculate the highest common factor of b and 28.
7
Let d be 39/((-13)/(1560/(-54)))*30. Calculate the highest common divisor of 78 and d.
26
Let c be (0 + 18/(-10))/((-6)/60). Suppose 9 = -4*i + 5*i. Let g(j) = 5*j + 9. Let a be g(i). Calculate the greatest common divisor of a and c.
18
Let j(v) = -v**2 - 17*v - 24. Suppose 2*l = 3*l + 4. Let s be 4/(-80)*l + (-76)/5. Let y be j(s). Calculate the highest common divisor of 4 and y.
2
Let x(h) = 10*h**3 + h**2 - 3*h - 4. Let n be x(3). Suppose -b = -4*k - 50, -123 = 3*b - 6*b + 3*k. Calculate the highest common divisor of n and b.
38
Let u(x) = -286*x**3 - 2*x**2 + 2*x + 5. Let i be u(-1). Calculate the highest common divisor of i and 56.
7
Suppose r - 3*q - 211 = -3*r, -3*r = -q - 152. Suppose 68 = 13*s - r. Let y be -1*(-9)/(-6)*-78. Calculate the highest common factor of s and y.
9
Suppose 31*m - q + 4843 = 33*m, q + 7257 = 3*m. Calculate the highest common divisor of 20 and m.
20
Let y be (-1*(0 + -1)*-1)/((-327)/66708). What is the greatest common divisor of y and 1581?
51
Let q = 1796 + -1676. Calculate the greatest common factor of 474 and q.
6
Suppose 0 = -2*p - o - 156, 5*p - 2*o + 355 = -53. Suppose 0 = 7*g - 8*g + 85. Let b = g + p. What is the greatest common factor of 55 and b?
5
Let d be (-66)/99 + (-7)/6*2. Let m be 3/(0 + d) + (-627)/(-3). What is the highest common factor of 64